{"id":163,"date":"2024-04-01T10:43:52","date_gmt":"2024-04-01T08:43:52","guid":{"rendered":"https:\/\/msc-werlte.de\/?page_id=163"},"modified":"2025-02-24T19:24:24","modified_gmt":"2025-02-24T18:24:24","slug":"aufnahmeantrag-msc-werlte","status":"publish","type":"page","link":"https:\/\/msc-werlte.de\/index.php\/downloads\/aufnahmeantrag-msc-werlte\/","title":{"rendered":"Aufnahmeantrag MSC Werlte"},"content":{"rendered":"<p>Haben wir dein Interesse geweckt?<\/p>\n<p>Hast du Lust auf Methanolgeruch, hei\u00dfe Rennen und eine aktive Clubgemeinschaft?<\/p>\n<p>Dann werde Mitglied in unserem Verein!<\/p>\n<p>Wie funktioniert das?<\/p>\n<p>F\u00fclle den Antrag aus und maile ihn ausgef\u00fcllt und unterschrieben an:<\/p>\n<p>info@msc-werlte.de<\/p>\n<p>&nbsp;<\/p>\n<p><span style=\"text-decoration: underline;\"><strong>Download-Aufnahmeantrag:<\/strong><\/span><\/p>\n<a href=\"https:\/\/msc-werlte.de\/wp-content\/uploads\/2025\/02\/aufnahmeantrag-ab-2025.pdf\" class=\"pdfemb-viewer\" style=\"\" data-width=\"max\" data-height=\"max\" data-toolbar=\"bottom\" data-toolbar-fixed=\"on\">aufnahmeantrag ab 2025<\/a>\n<p>&nbsp;<\/p>\n<p><a href=\"https:\/\/msc-werlte.de\/wp-content\/uploads\/2025\/02\/aufnahmeantrag-ab-2025.pdf\" target=\"_blank\" rel=\"noopener\">https:\/\/msc-werlte.de\/wp-content\/uploads\/2025\/02\/aufnahmeantrag-ab-2025.pdf<\/a><\/p>\n<p>&nbsp;<\/p>\n<div class=\"shariff\" data-services=\"facebook\" data-url=\"https:\/\/msc-werlte.de\/index.php\/downloads\/aufnahmeantrag-msc-werlte\/\" data-timestamp=\"1740425064\" data-backendurl=\"https:\/\/msc-werlte.de\/wp-json\/shariff\/v1\/share_counts?\"><ul class=\"shariff-buttons theme-default orientation-horizontal buttonsize-medium\"><li class=\"shariff-button facebook shariff-nocustomcolor\" style=\"background-color:#4273c8\"><a href=\"https:\/\/www.facebook.com\/sharer\/sharer.php?u=https%3A%2F%2Fmsc-werlte.de%2Findex.php%2Fdownloads%2Faufnahmeantrag-msc-werlte%2F\" title=\"Bei Facebook teilen\" aria-label=\"Bei Facebook teilen\" role=\"button\" rel=\"nofollow\" class=\"shariff-link\" style=\"; background-color:#3b5998; color:#fff\" target=\"_blank\"><span class=\"shariff-icon\" style=\"\"><svg width=\"32px\" height=\"20px\" xmlns=\"http:\/\/www.w3.org\/2000\/svg\" viewBox=\"0 0 18 32\"><path fill=\"#3b5998\" d=\"M17.1 0.2v4.7h-2.8q-1.5 0-2.1 0.6t-0.5 1.9v3.4h5.2l-0.7 5.3h-4.5v13.6h-5.5v-13.6h-4.5v-5.3h4.5v-3.9q0-3.3 1.9-5.2t5-1.8q2.6 0 4.1 0.2z\"\/><\/svg><\/span><span class=\"shariff-text\">teilen<\/span>&nbsp;<span data-service=\"facebook\" style=\"color:#3b5998\" class=\"shariff-count shariff-hidezero\"><\/span>&nbsp;<\/a><\/li><\/ul><\/div>","protected":false},"excerpt":{"rendered":"<p>Haben wir dein Interesse geweckt? Hast du Lust auf Methanolgeruch, hei\u00dfe Rennen und eine aktive Clubgemeinschaft? Dann werde Mitglied in unserem Verein! Wie funktioniert das? F\u00fclle den Antrag aus und maile ihn ausgef\u00fcllt und unterschrieben an: info@msc-werlte.de &nbsp; Download-Aufnahmeantrag: &nbsp; https:\/\/msc-werlte.de\/wp-content\/uploads\/2025\/02\/aufnahmeantrag-ab-2025.pdf &nbsp;<\/p>\n","protected":false},"author":1,"featured_media":0,"parent":161,"menu_order":0,"comment_status":"closed","ping_status":"closed","template":"","meta":{"footnotes":""},"class_list":["post-163","page","type-page","status-publish","hentry"],"yoast_head":"<!-- This site is optimized with the Yoast SEO plugin v27.5 - https:\/\/yoast.com\/product\/yoast-seo-wordpress\/ -->\n<title>Aufnahmeantrag MSC Werlte - MSC H\u00fcmmling Werlte<\/title>\n<meta name=\"robots\" content=\"index, follow, max-snippet:-1, max-image-preview:large, max-video-preview:-1\" \/>\n<link rel=\"canonical\" href=\"https:\/\/msc-werlte.de\/index.php\/downloads\/aufnahmeantrag-msc-werlte\/\" \/>\n<meta property=\"og:locale\" content=\"de_DE\" \/>\n<meta property=\"og:type\" content=\"article\" \/>\n<meta property=\"og:title\" content=\"Aufnahmeantrag MSC Werlte - MSC H\u00fcmmling Werlte\" \/>\n<meta property=\"og:description\" content=\"Haben wir dein Interesse geweckt? Hast du Lust auf Methanolgeruch, hei\u00dfe Rennen und eine aktive Clubgemeinschaft? Dann werde Mitglied in unserem Verein! Wie funktioniert das? F\u00fclle den Antrag aus und maile ihn ausgef\u00fcllt und unterschrieben an: info@msc-werlte.de &nbsp; Download-Aufnahmeantrag: &nbsp; https:\/\/msc-werlte.de\/wp-content\/uploads\/2025\/02\/aufnahmeantrag-ab-2025.pdf &nbsp;\" \/>\n<meta property=\"og:url\" content=\"https:\/\/msc-werlte.de\/index.php\/downloads\/aufnahmeantrag-msc-werlte\/\" \/>\n<meta property=\"og:site_name\" content=\"MSC H\u00fcmmling Werlte\" \/>\n<meta property=\"article:publisher\" content=\"https:\/\/www.facebook.com\/MscHummlingWerlteEvImAdac\" \/>\n<meta property=\"article:modified_time\" content=\"2025-02-24T18:24:24+00:00\" \/>\n<meta name=\"twitter:card\" content=\"summary_large_image\" \/>\n<meta name=\"twitter:label1\" content=\"Gesch\u00e4tzte Lesezeit\" \/>\n\t<meta name=\"twitter:data1\" content=\"1\u00a0Minute\" \/>\n<script type=\"application\/ld+json\" class=\"yoast-schema-graph\">{\"@context\":\"https:\\\/\\\/schema.org\",\"@graph\":[{\"@type\":\"WebPage\",\"@id\":\"https:\\\/\\\/msc-werlte.de\\\/index.php\\\/downloads\\\/aufnahmeantrag-msc-werlte\\\/\",\"url\":\"https:\\\/\\\/msc-werlte.de\\\/index.php\\\/downloads\\\/aufnahmeantrag-msc-werlte\\\/\",\"name\":\"Aufnahmeantrag MSC Werlte - MSC H\u00fcmmling Werlte\",\"isPartOf\":{\"@id\":\"https:\\\/\\\/msc-werlte.de\\\/#website\"},\"datePublished\":\"2024-04-01T08:43:52+00:00\",\"dateModified\":\"2025-02-24T18:24:24+00:00\",\"breadcrumb\":{\"@id\":\"https:\\\/\\\/msc-werlte.de\\\/index.php\\\/downloads\\\/aufnahmeantrag-msc-werlte\\\/#breadcrumb\"},\"inLanguage\":\"de\",\"potentialAction\":[{\"@type\":\"ReadAction\",\"target\":[\"https:\\\/\\\/msc-werlte.de\\\/index.php\\\/downloads\\\/aufnahmeantrag-msc-werlte\\\/\"]}]},{\"@type\":\"BreadcrumbList\",\"@id\":\"https:\\\/\\\/msc-werlte.de\\\/index.php\\\/downloads\\\/aufnahmeantrag-msc-werlte\\\/#breadcrumb\",\"itemListElement\":[{\"@type\":\"ListItem\",\"position\":1,\"name\":\"Startseite\",\"item\":\"https:\\\/\\\/msc-werlte.de\\\/\"},{\"@type\":\"ListItem\",\"position\":2,\"name\":\"Downloads\",\"item\":\"https:\\\/\\\/msc-werlte.de\\\/index.php\\\/downloads\\\/\"},{\"@type\":\"ListItem\",\"position\":3,\"name\":\"Aufnahmeantrag MSC Werlte\"}]},{\"@type\":\"WebSite\",\"@id\":\"https:\\\/\\\/msc-werlte.de\\\/#website\",\"url\":\"https:\\\/\\\/msc-werlte.de\\\/\",\"name\":\"MSC H\u00fcmmling Werlte\",\"description\":\"\",\"publisher\":{\"@id\":\"https:\\\/\\\/msc-werlte.de\\\/#organization\"},\"potentialAction\":[{\"@type\":\"SearchAction\",\"target\":{\"@type\":\"EntryPoint\",\"urlTemplate\":\"https:\\\/\\\/msc-werlte.de\\\/?s={search_term_string}\"},\"query-input\":{\"@type\":\"PropertyValueSpecification\",\"valueRequired\":true,\"valueName\":\"search_term_string\"}}],\"inLanguage\":\"de\"},{\"@type\":\"Organization\",\"@id\":\"https:\\\/\\\/msc-werlte.de\\\/#organization\",\"name\":\"MSC H\u00fcmmling Werlte\",\"url\":\"https:\\\/\\\/msc-werlte.de\\\/\",\"logo\":{\"@type\":\"ImageObject\",\"inLanguage\":\"de\",\"@id\":\"https:\\\/\\\/msc-werlte.de\\\/#\\\/schema\\\/logo\\\/image\\\/\",\"url\":\"https:\\\/\\\/msc-werlte.de\\\/wp-content\\\/uploads\\\/2022\\\/10\\\/MSC-Werlte_329px_Final.png\",\"contentUrl\":\"https:\\\/\\\/msc-werlte.de\\\/wp-content\\\/uploads\\\/2022\\\/10\\\/MSC-Werlte_329px_Final.png\",\"width\":329,\"height\":329,\"caption\":\"MSC H\u00fcmmling Werlte\"},\"image\":{\"@id\":\"https:\\\/\\\/msc-werlte.de\\\/#\\\/schema\\\/logo\\\/image\\\/\"},\"sameAs\":[\"https:\\\/\\\/www.facebook.com\\\/MscHummlingWerlteEvImAdac\"]}]}<\/script>\n<!-- \/ Yoast SEO plugin. -->","yoast_head_json":{"title":"Aufnahmeantrag MSC Werlte - MSC H\u00fcmmling Werlte","robots":{"index":"index","follow":"follow","max-snippet":"max-snippet:-1","max-image-preview":"max-image-preview:large","max-video-preview":"max-video-preview:-1"},"canonical":"https:\/\/msc-werlte.de\/index.php\/downloads\/aufnahmeantrag-msc-werlte\/","og_locale":"de_DE","og_type":"article","og_title":"Aufnahmeantrag MSC Werlte - MSC H\u00fcmmling Werlte","og_description":"Haben wir dein Interesse geweckt? Hast du Lust auf Methanolgeruch, hei\u00dfe Rennen und eine aktive Clubgemeinschaft? Dann werde Mitglied in unserem Verein! Wie funktioniert das? F\u00fclle den Antrag aus und maile ihn ausgef\u00fcllt und unterschrieben an: info@msc-werlte.de &nbsp; Download-Aufnahmeantrag: &nbsp; https:\/\/msc-werlte.de\/wp-content\/uploads\/2025\/02\/aufnahmeantrag-ab-2025.pdf &nbsp;","og_url":"https:\/\/msc-werlte.de\/index.php\/downloads\/aufnahmeantrag-msc-werlte\/","og_site_name":"MSC H\u00fcmmling Werlte","article_publisher":"https:\/\/www.facebook.com\/MscHummlingWerlteEvImAdac","article_modified_time":"2025-02-24T18:24:24+00:00","twitter_card":"summary_large_image","twitter_misc":{"Gesch\u00e4tzte Lesezeit":"1\u00a0Minute"},"schema":{"@context":"https:\/\/schema.org","@graph":[{"@type":"WebPage","@id":"https:\/\/msc-werlte.de\/index.php\/downloads\/aufnahmeantrag-msc-werlte\/","url":"https:\/\/msc-werlte.de\/index.php\/downloads\/aufnahmeantrag-msc-werlte\/","name":"Aufnahmeantrag MSC Werlte - MSC H\u00fcmmling Werlte","isPartOf":{"@id":"https:\/\/msc-werlte.de\/#website"},"datePublished":"2024-04-01T08:43:52+00:00","dateModified":"2025-02-24T18:24:24+00:00","breadcrumb":{"@id":"https:\/\/msc-werlte.de\/index.php\/downloads\/aufnahmeantrag-msc-werlte\/#breadcrumb"},"inLanguage":"de","potentialAction":[{"@type":"ReadAction","target":["https:\/\/msc-werlte.de\/index.php\/downloads\/aufnahmeantrag-msc-werlte\/"]}]},{"@type":"BreadcrumbList","@id":"https:\/\/msc-werlte.de\/index.php\/downloads\/aufnahmeantrag-msc-werlte\/#breadcrumb","itemListElement":[{"@type":"ListItem","position":1,"name":"Startseite","item":"https:\/\/msc-werlte.de\/"},{"@type":"ListItem","position":2,"name":"Downloads","item":"https:\/\/msc-werlte.de\/index.php\/downloads\/"},{"@type":"ListItem","position":3,"name":"Aufnahmeantrag MSC Werlte"}]},{"@type":"WebSite","@id":"https:\/\/msc-werlte.de\/#website","url":"https:\/\/msc-werlte.de\/","name":"MSC H\u00fcmmling Werlte","description":"","publisher":{"@id":"https:\/\/msc-werlte.de\/#organization"},"potentialAction":[{"@type":"SearchAction","target":{"@type":"EntryPoint","urlTemplate":"https:\/\/msc-werlte.de\/?s={search_term_string}"},"query-input":{"@type":"PropertyValueSpecification","valueRequired":true,"valueName":"search_term_string"}}],"inLanguage":"de"},{"@type":"Organization","@id":"https:\/\/msc-werlte.de\/#organization","name":"MSC H\u00fcmmling Werlte","url":"https:\/\/msc-werlte.de\/","logo":{"@type":"ImageObject","inLanguage":"de","@id":"https:\/\/msc-werlte.de\/#\/schema\/logo\/image\/","url":"https:\/\/msc-werlte.de\/wp-content\/uploads\/2022\/10\/MSC-Werlte_329px_Final.png","contentUrl":"https:\/\/msc-werlte.de\/wp-content\/uploads\/2022\/10\/MSC-Werlte_329px_Final.png","width":329,"height":329,"caption":"MSC H\u00fcmmling Werlte"},"image":{"@id":"https:\/\/msc-werlte.de\/#\/schema\/logo\/image\/"},"sameAs":["https:\/\/www.facebook.com\/MscHummlingWerlteEvImAdac"]}]}},"_links":{"self":[{"href":"https:\/\/msc-werlte.de\/index.php\/wp-json\/wp\/v2\/pages\/163","targetHints":{"allow":["GET"]}}],"collection":[{"href":"https:\/\/msc-werlte.de\/index.php\/wp-json\/wp\/v2\/pages"}],"about":[{"href":"https:\/\/msc-werlte.de\/index.php\/wp-json\/wp\/v2\/types\/page"}],"author":[{"embeddable":true,"href":"https:\/\/msc-werlte.de\/index.php\/wp-json\/wp\/v2\/users\/1"}],"replies":[{"embeddable":true,"href":"https:\/\/msc-werlte.de\/index.php\/wp-json\/wp\/v2\/comments?post=163"}],"version-history":[{"count":6,"href":"https:\/\/msc-werlte.de\/index.php\/wp-json\/wp\/v2\/pages\/163\/revisions"}],"predecessor-version":[{"id":1100,"href":"https:\/\/msc-werlte.de\/index.php\/wp-json\/wp\/v2\/pages\/163\/revisions\/1100"}],"up":[{"embeddable":true,"href":"https:\/\/msc-werlte.de\/index.php\/wp-json\/wp\/v2\/pages\/161"}],"wp:attachment":[{"href":"https:\/\/msc-werlte.de\/index.php\/wp-json\/wp\/v2\/media?parent=163"}],"curies":[{"name":"wp","href":"https:\/\/api.w.org\/{rel}","templated":true}]}}